{"id":14144,"date":"2020-09-14T07:47:26","date_gmt":"2020-09-14T07:47:26","guid":{"rendered":"https:\/\/www.kbf-fruchtvertrieb.de\/?page_id=14144"},"modified":"2023-02-23T13:07:22","modified_gmt":"2023-02-23T13:07:22","slug":"jobs","status":"publish","type":"page","link":"https:\/\/www.kbf-fruchtvertrieb.de\/?page_id=14144","title":{"rendered":"Jobs"},"content":{"rendered":"[spb_text_block pb_margin_bottom=&#8220;no&#8220; pb_border_bottom=&#8220;no&#8220; width=&#8220;1\/1&#8243; el_position=&#8220;first last&#8220;]\n<h2>Interessanten Job gesucht? Werden Sie Teil unseres Frischeteams!<\/h2>\n<p>Als eines der f\u00fchrenden Fruchtgro\u00dfhandelsunternehmen im Herzen der Hansestadt Hamburg, ist die KBF Fruchtvertrieb Hamburg GmbH &amp; Co. KG\u00a0seit\u00a0mehr als 10 Jahren\u00a0gewachsen und hat sich zunehmend etabliert. Der Handel mit Frischeprodukten l\u00e4sst uns in der Welt zu Hause sein. Wir\u00a0\u00a0freuen uns, wenn Sie mit uns weiter Erfolgsgeschichte schreiben und bieten Ihnen spannende, interessante und abwechslungsreiche Aufgaben.<\/p>\n<p>Unser kreatives und dynamisches Team arbeitet partnerschaftlich zusammen, ist orientiert an langfristigen Planungen und hoher Qualit\u00e4t und braucht Sie zur Unterst\u00fctzung. Schicken Sie uns einfach Ihre Initiativbewerbung oder bewerben sich direkt auf einen unserer Jobs in den aktuellen Stellenausschreibungen.<\/p>\n<p>Sind Sie neugierig auf uns geworden und haben wir Ihr Interesse geweckt?\u00a0Dann freuen wir uns auf Ihre aussagef\u00e4hige schriftliche Bewerbung unter Angabe Ihres fr\u00fchestm\u00f6glichen Eintrittstermins und Ihrer Gehaltsvorstellung per\u00a0<a>E-Mail<\/a>\u00a0oder Post: <strong><a href=\"mailto:bewerbung@kbf-fruchtvertrieb.de\">bewerbung@kbf-fruchtvertrieb.de<\/a><\/strong><\/p>\n<p>&nbsp;<\/p>\n<p>Aktuelle Ausschreibungen:<\/p>\n<h2><\/h2>\n<ul>\n<li><a href=\"https:\/\/www.kbf-fruchtvertrieb.de\/wp-content\/uploads\/2023\/02\/Stellenanzeige-Mitarbeiter-Kundenservice.pdf\">Mitarbeiter Kundenservice (m\/w\/d)<\/a><\/li>\n<li><a href=\"https:\/\/www.kbf-fruchtvertrieb.de\/wp-content\/uploads\/2023\/01\/Stellenanzeige-Kommissionierer.pdf\">Kommissionierer und Auslieferungsfarer (m\/w\/d)<\/a><\/li>\n<li><a href=\"https:\/\/www.kbf-fruchtvertrieb.de\/wp-content\/uploads\/2020\/09\/Stellenanzeige-KBF-Kommissionierer-Staplerfahrer-2020.pdf\" target=\"_blank\" rel=\"noopener\">Kommissionierer\/Staplerfahrer (m\/w\/d)<\/a><\/li>\n<\/ul>\n<p>&nbsp;<\/p>\n[\/spb_text_block] [spb_single_image image=&#8220;14146&#8243; image_size=&#8220;full&#8220; frame=&#8220;noframe&#8220; intro_animation=&#8220;none&#8220; full_width=&#8220;no&#8220; lightbox=&#8220;yes&#8220; link_target=&#8220;_self&#8220; width=&#8220;1\/1&#8243; el_position=&#8220;first last&#8220;]\n","protected":false},"excerpt":{"rendered":"<p>[spb_text_block pb_margin_bottom=&#8220;no&#8220; pb_border_bottom=&#8220;no&#8220; width=&#8220;1\/1&#8243; el_position=&#8220;first last&#8220;] Interessanten Job gesucht? Werden Sie Teil unseres Frischeteams! Als eines der f\u00fchrenden Fruchtgro\u00dfhandelsunternehmen im Herzen der Hansestadt Hamburg, ist die KBF Fruchtvertrieb Hamburg GmbH &amp; Co. KG\u00a0seit\u00a0mehr als 10 Jahren\u00a0gewachsen und hat sich zunehmend etabliert. Der Handel mit Frischeprodukten l\u00e4sst uns in der Welt zu Hause sein. Wir\u00a0\u00a0freuen uns, wenn Sie mit uns weiter [&hellip;]<\/p>\n","protected":false},"author":1,"featured_media":0,"parent":0,"menu_order":0,"comment_status":"closed","ping_status":"closed","template":"","meta":{"footnotes":""},"_links":{"self":[{"href":"https:\/\/www.kbf-fruchtvertrieb.de\/index.php?rest_route=\/wp\/v2\/pages\/14144"}],"collection":[{"href":"https:\/\/www.kbf-fruchtvertrieb.de\/index.php?rest_route=\/wp\/v2\/pages"}],"about":[{"href":"https:\/\/www.kbf-fruchtvertrieb.de\/index.php?rest_route=\/wp\/v2\/types\/page"}],"author":[{"embeddable":true,"href":"https:\/\/www.kbf-fruchtvertrieb.de\/index.php?rest_route=\/wp\/v2\/users\/1"}],"replies":[{"embeddable":true,"href":"https:\/\/www.kbf-fruchtvertrieb.de\/index.php?rest_route=%2Fwp%2Fv2%2Fcomments&post=14144"}],"version-history":[{"count":13,"href":"https:\/\/www.kbf-fruchtvertrieb.de\/index.php?rest_route=\/wp\/v2\/pages\/14144\/revisions"}],"predecessor-version":[{"id":14200,"href":"https:\/\/www.kbf-fruchtvertrieb.de\/index.php?rest_route=\/wp\/v2\/pages\/14144\/revisions\/14200"}],"wp:attachment":[{"href":"https:\/\/www.kbf-fruchtvertrieb.de\/index.php?rest_route=%2Fwp%2Fv2%2Fmedia&parent=14144"}],"curies":[{"name":"wp","href":"https:\/\/api.w.org\/{rel}","templated":true}]}}